{"id":102,"date":"2021-06-20T07:13:56","date_gmt":"2021-06-20T07:13:56","guid":{"rendered":"https:\/\/acticanew.webdev.is\/index.php\/contact-us\/"},"modified":"2022-10-28T14:46:03","modified_gmt":"2022-10-28T14:46:03","slug":"hafdu-samband","status":"publish","type":"page","link":"https:\/\/acticanew.webdev.is\/index.php\/hafdu-samband\/","title":{"rendered":"haf\u00f0u samband"},"content":{"rendered":"\t\t<div data-elementor-type=\"wp-page\" data-elementor-id=\"102\" class=\"elementor elementor-102\">\n\t\t\t\t\t\t<div class=\"elementor-inner\">\n\t\t\t\t<div class=\"elementor-section-wrap\">\n\t\t\t\t\t\t\t\t\t<section class=\"elementor-section elementor-top-section elementor-element elementor-element-4c13382 elementor-section-boxed elementor-section-height-default elementor-section-height-default\" data-id=\"4c13382\" data-element_type=\"section\">\n\t\t\t\t\t\t<div class=\"elementor-container elementor-column-gap-no\">\n\t\t\t\t\t\t\t<div class=\"elementor-row\">\n\t\t\t\t\t<div class=\"aux-parallax-section elementor-column elementor-col-100 elementor-top-column elementor-element elementor-element-2e08d29\" data-id=\"2e08d29\" data-element_type=\"column\">\n\t\t\t<div class=\"elementor-column-wrap elementor-element-populated\">\n\t\t\t\t\t\t\t<div class=\"elementor-widget-wrap\">\n\t\t\t\t\t\t<section class=\"elementor-section elementor-inner-section elementor-element elementor-element-26be391 elementor-section-boxed elementor-section-height-default elementor-section-height-default\" data-id=\"26be391\" data-element_type=\"section\">\n\t\t\t\t\t\t<div class=\"elementor-container elementor-column-gap-no\">\n\t\t\t\t\t\t\t<div class=\"elementor-row\">\n\t\t\t\t\t<div class=\"aux-parallax-section elementor-column elementor-col-50 elementor-inner-column elementor-element elementor-element-fa19e44\" data-id=\"fa19e44\" data-element_type=\"column\">\n\t\t\t<div class=\"elementor-column-wrap elementor-element-populated\">\n\t\t\t\t\t\t\t<div class=\"elementor-widget-wrap\">\n\t\t\t\t\t\t<div class=\"elementor-element elementor-element-f2d83af elementor-widget__width-auto aux-appear-watch-animation aux-fade-in-up elementor-widget elementor-widget-aux_modern_heading\" data-id=\"f2d83af\" data-element_type=\"widget\" data-widget_type=\"aux_modern_heading.default\">\n\t\t\t\t<div class=\"elementor-widget-container\">\n\t\t\t<section class=\"aux-widget-modern-heading\">\n            <div class=\"aux-widget-inner\"><h3 class=\"aux-modern-heading-primary\"><span>Viltu senda okkur l\u00ednu?<\/span><\/h3><\/div>\n        <\/section>\t\t<\/div>\n\t\t\t\t<\/div>\n\t\t\t\t<div class=\"elementor-element elementor-element-6a0eea3 aux-shpe-type-rectangle elementor-widget__width-auto elementor-widget elementor-widget-aux_simple_shape\" data-id=\"6a0eea3\" data-element_type=\"widget\" data-widget_type=\"aux_simple_shape.default\">\n\t\t\t\t<div class=\"elementor-widget-container\">\n\t\t\t    <div class=\"aux-widget-container aux-simple-shape-container\">\n        <div class=\"aux-widget-container-inner\">\n            <div class=\"aux-the-shape\"><\/div>\n        <\/div>\n    <\/div>\n    \t\t<\/div>\n\t\t\t\t<\/div>\n\t\t\t\t<div class=\"elementor-element elementor-element-a1cf8d5 aux-appear-watch-animation aux-fade-in-up elementor-widget elementor-widget-aux_contact_form\" data-id=\"a1cf8d5\" data-element_type=\"widget\" data-widget_type=\"aux_contact_form.default\">\n\t\t\t\t<div class=\"elementor-widget-container\">\n\t\t\t<section class=\"widget-container aux-widget-contact-form aux-parent-aua825a04c\">            <div class=\"aux-col-wrapper aux-no-gutter\">\n            <!-- @TODO - The output for element here -->\n\n            <div role=\"form\" class=\"wpcf7\" id=\"wpcf7-f89-o1\" lang=\"en-US\" dir=\"ltr\">\n<div class=\"screen-reader-response\"><p role=\"status\" aria-live=\"polite\" aria-atomic=\"true\"><\/p> <ul><\/ul><\/div>\n<form action=\"\/index.php\/wp-json\/wp\/v2\/pages\/102#wpcf7-f89-o1\" method=\"post\" class=\"wpcf7-form init\" novalidate=\"novalidate\" data-status=\"init\">\n<div style=\"display: none;\">\n<input type=\"hidden\" name=\"_wpcf7\" value=\"89\" \/>\n<input type=\"hidden\" name=\"_wpcf7_version\" value=\"5.6.3\" \/>\n<input type=\"hidden\" name=\"_wpcf7_locale\" value=\"en_US\" \/>\n<input type=\"hidden\" name=\"_wpcf7_unit_tag\" value=\"wpcf7-f89-o1\" \/>\n<input type=\"hidden\" name=\"_wpcf7_container_post\" value=\"0\" \/>\n<input type=\"hidden\" name=\"_wpcf7_posted_data_hash\" value=\"\" \/>\n<\/div>\n<span class=\"wpcf7-form-control-wrap\" data-name=\"text-851\"><input type=\"text\" name=\"text-851\" value=\"\" size=\"40\" class=\"wpcf7-form-control wpcf7-text\" aria-invalid=\"false\" placeholder=\"Nafni\u00f0 \u00feitt - Your Name\" \/><\/span>\n<span class=\"wpcf7-form-control-wrap\" data-name=\"email-554\"><input type=\"email\" name=\"email-554\" value=\"\" size=\"40\" class=\"wpcf7-form-control wpcf7-text wpcf7-email wpcf7-validates-as-email\" aria-invalid=\"false\" placeholder=\"E-mail\" \/><\/span>\n<span class=\"wpcf7-form-control-wrap\" data-name=\"text-851\"><input type=\"text\" name=\"text-851\" value=\"\" size=\"40\" class=\"wpcf7-form-control wpcf7-text\" aria-invalid=\"false\" placeholder=\"Fyrirt\u00e6ki - Company\" \/><\/span>\n<span class=\"wpcf7-form-control-wrap\" data-name=\"textarea-648\"><textarea name=\"textarea-648\" cols=\"40\" rows=\"10\" class=\"wpcf7-form-control wpcf7-textarea\" aria-invalid=\"false\" placeholder=\"L\u00fdsing - Description\"><\/textarea><\/span>\n<div class=\"contact-submit\" ><input type=\"submit\" value=\"Senda\" class=\"wpcf7-form-control has-spinner wpcf7-submit\" \/><\/div><div class=\"wpcf7-response-output\" aria-hidden=\"true\"><\/div><\/form><\/div>\n\n            <\/div><!-- aux-col-wrapper -->\n    <\/section><!-- widget-container -->\t\t<\/div>\n\t\t\t\t<\/div>\n\t\t\t\t\t\t<\/div>\n\t\t\t\t\t<\/div>\n\t\t<\/div>\n\t\t\t\t<div class=\"aux-parallax-section elementor-column elementor-col-50 elementor-inner-column elementor-element elementor-element-5966a92\" data-id=\"5966a92\" data-element_type=\"column\">\n\t\t\t<div class=\"elementor-column-wrap elementor-element-populated\">\n\t\t\t\t\t\t\t<div class=\"elementor-widget-wrap\">\n\t\t\t\t\t\t<div class=\"aux-scroll-anim elementor-element elementor-element-5d1c0de aux-appear-watch-animation aux-fade-in elementor-widget elementor-widget-aux_image\" data-move-in=\"\" data-move-out=\"scale\" data-axis-x=\"200\" data-axis-y=\"200\" data-rotate=\"90\" data-scale=\"0.95\" data-vp-top=\"0.5\" data-vp-bot=\"0.5\" data-el-top=\"0.2\" data-scroll-animation-off=\"1024\" data-id=\"5d1c0de\" data-element_type=\"widget\" data-widget_type=\"aux_image.default\">\n\t\t\t\t<div class=\"elementor-widget-container\">\n\t\t\t<section class=\"widget-container aux-widget-image aux-alignnone aux-parent-aubda888c9\">\n    <div class=\"aux-media-hint-frame \">\n        <div class=\"aux-media-image \" >\n        \n            \n\n            \n            <img loading=\"lazy\" decoding=\"async\" width=\"640\" height=\"798\" src=\"https:\/\/acticanew.webdev.is\/wp-content\/uploads\/2021\/07\/Contact-Image.png\" class=\"aux-attachment aux-featured-image aux-attachment-id-45\" alt=\"demo-attachment-1466-Contact-Image\" data-ratio=\"0.8\" data-original-w=\"640\" \/>            \n                <\/div>\n    <\/div>\n\n<\/section><!-- widget-container -->\t\t<\/div>\n\t\t\t\t<\/div>\n\t\t\t\t<div class=\"elementor-element elementor-element-9d532f0 aux-shpe-type-rectangle elementor-widget__width-auto elementor-hidden-phone elementor-widget elementor-widget-aux_simple_shape\" data-id=\"9d532f0\" data-element_type=\"widget\" data-widget_type=\"aux_simple_shape.default\">\n\t\t\t\t<div class=\"elementor-widget-container\">\n\t\t\t    <div class=\"aux-widget-container aux-simple-shape-container\">\n        <div class=\"aux-widget-container-inner\">\n            <div class=\"aux-the-shape\"><\/div>\n        <\/div>\n    <\/div>\n    \t\t<\/div>\n\t\t\t\t<\/div>\n\t\t\t\t\t\t<\/div>\n\t\t\t\t\t<\/div>\n\t\t<\/div>\n\t\t\t\t\t\t\t\t<\/div>\n\t\t\t\t\t<\/div>\n\t\t<\/section>\n\t\t\t\t\t\t<\/div>\n\t\t\t\t\t<\/div>\n\t\t<\/div>\n\t\t\t\t\t\t\t\t<\/div>\n\t\t\t\t\t<\/div>\n\t\t<\/section>\n\t\t\t\t<section class=\"elementor-section elementor-top-section elementor-element elementor-element-2605971 elementor-section-full_width elementor-section-height-default elementor-section-height-default\" data-id=\"2605971\" data-element_type=\"section\">\n\t\t\t\t\t\t<div class=\"elementor-container elementor-column-gap-no\">\n\t\t\t\t\t\t\t<div class=\"elementor-row\">\n\t\t\t\t\t<div class=\"aux-parallax-section elementor-column elementor-col-100 elementor-top-column elementor-element elementor-element-491d8db\" data-id=\"491d8db\" data-element_type=\"column\">\n\t\t\t<div class=\"elementor-column-wrap elementor-element-populated\">\n\t\t\t\t\t\t\t<div class=\"elementor-widget-wrap\">\n\t\t\t\t\t\t<div class=\"elementor-element elementor-element-8df89ca elementor-widget elementor-widget-aux_gmap\" data-id=\"8df89ca\" data-element_type=\"widget\" data-widget_type=\"aux_gmap.default\">\n\t\t\t\t<div class=\"elementor-widget-container\">\n\t\t\t            <div class=\"elementor-alert elementor-alert-danger\" role=\"alert\">\n                <span class=\"elementor-alert-title\">\n                    Google Maps API Key Is Missing.                <\/span>\n                <span class=\"elementor-alert-description\">\n                    In order to use google maps on your website, you have to create an api key and insert it in customizer &quot;Google Maps API Key&quot; field.                <\/span>\n            <\/div>\n        \t\t<\/div>\n\t\t\t\t<\/div>\n\t\t\t\t<section class=\"elementor-section elementor-inner-section elementor-element elementor-element-f4609da elementor-section-boxed elementor-section-height-default elementor-section-height-default\" data-id=\"f4609da\" data-element_type=\"section\">\n\t\t\t\t\t\t<div class=\"elementor-container elementor-column-gap-no\">\n\t\t\t\t\t\t\t<div class=\"elementor-row\">\n\t\t\t\t\t<div class=\"aux-parallax-section elementor-column elementor-col-50 elementor-inner-column elementor-element elementor-element-c7e5975 aux-appear-watch-animation aux-scale-down\" data-id=\"c7e5975\" data-element_type=\"column\" data-settings=\"{&quot;background_background&quot;:&quot;classic&quot;}\">\n\t\t\t<div class=\"elementor-column-wrap elementor-element-populated\">\n\t\t\t\t\t\t\t<div class=\"elementor-widget-wrap\">\n\t\t\t\t\t\t<div class=\"elementor-element elementor-element-9d50d56 aux-appear-watch-animation aux-fade-in-up-1 elementor-widget elementor-widget-aux_modern_heading\" data-id=\"9d50d56\" data-element_type=\"widget\" data-widget_type=\"aux_modern_heading.default\">\n\t\t\t\t<div class=\"elementor-widget-container\">\n\t\t\t<section class=\"aux-widget-modern-heading\">\n            <div class=\"aux-widget-inner\"><h5 class=\"aux-modern-heading-primary\">Phone<\/h5><div class=\"aux-modern-heading-description\"><p>+1 646-444-2106<\/p><\/div><\/div>\n        <\/section>\t\t<\/div>\n\t\t\t\t<\/div>\n\t\t\t\t<div class=\"elementor-element elementor-element-1abeb67 aux-appear-watch-animation aux-fade-in-up-1 elementor-widget elementor-widget-aux_modern_heading\" data-id=\"1abeb67\" data-element_type=\"widget\" data-widget_type=\"aux_modern_heading.default\">\n\t\t\t\t<div class=\"elementor-widget-container\">\n\t\t\t<section class=\"aux-widget-modern-heading\">\n            <div class=\"aux-widget-inner\"><h5 class=\"aux-modern-heading-primary\">Email<\/h5><div class=\"aux-modern-heading-description\"><p>info@webuko.com<\/p><\/div><\/div>\n        <\/section>\t\t<\/div>\n\t\t\t\t<\/div>\n\t\t\t\t<div class=\"elementor-element elementor-element-b85ebdc aux-appear-watch-animation aux-fade-in-up-1 elementor-widget elementor-widget-aux_modern_heading\" data-id=\"b85ebdc\" data-element_type=\"widget\" data-widget_type=\"aux_modern_heading.default\">\n\t\t\t\t<div class=\"elementor-widget-container\">\n\t\t\t<section class=\"aux-widget-modern-heading\">\n            <div class=\"aux-widget-inner\"><h5 class=\"aux-modern-heading-primary\">Address<\/h5><div class=\"aux-modern-heading-description\"><p>657 5th Ave, New York, NY 10075<\/p><\/div><\/div>\n        <\/section>\t\t<\/div>\n\t\t\t\t<\/div>\n\t\t\t\t\t\t<\/div>\n\t\t\t\t\t<\/div>\n\t\t<\/div>\n\t\t\t\t<div class=\"aux-parallax-section elementor-column elementor-col-50 elementor-inner-column elementor-element elementor-element-a394c32\" data-id=\"a394c32\" data-element_type=\"column\">\n\t\t\t<div class=\"elementor-column-wrap\">\n\t\t\t\t\t\t\t<div class=\"elementor-widget-wrap\">\n\t\t\t\t\t\t\t\t<\/div>\n\t\t\t\t\t<\/div>\n\t\t<\/div>\n\t\t\t\t\t\t\t\t<\/div>\n\t\t\t\t\t<\/div>\n\t\t<\/section>\n\t\t\t\t\t\t<\/div>\n\t\t\t\t\t<\/div>\n\t\t<\/div>\n\t\t\t\t\t\t\t\t<\/div>\n\t\t\t\t\t<\/div>\n\t\t<\/section>\n\t\t\t\t\t\t\t\t\t<\/div>\n\t\t\t<\/div>\n\t\t\t\t\t<\/div>\n\t\t","protected":false},"excerpt":{"rendered":"<p>Viltu senda okkur l\u00ednu? Google Maps API Key Is Missing. In order to use google maps on your website, you have to create an api key and insert it in customizer &#8220;Google Maps API Key&#8221; field. Phone +1 646-444-2106 Email info@webuko.com Address 657 5th Ave, New York, NY 10075<\/p>\n","protected":false},"author":3,"featured_media":0,"parent":0,"menu_order":0,"comment_status":"closed","ping_status":"closed","template":"templates\/page-builder-content.php","meta":{"footnotes":""},"class_list":["post-102","page","type-page","status-publish","hentry"],"yoast_head":"<!-- This site is optimized with the Yoast SEO plugin v19.8 - https:\/\/yoast.com\/wordpress\/plugins\/seo\/ -->\n<title>Haf\u00f0u samband vi\u00f0 Actica marka\u00f0sfyrirt\u00e6ki<\/title>\n<meta name=\"description\" content=\"Haf\u00f0u samband vi\u00f0 okkur og vi\u00f0 a\u00f0sto\u00f0um \u00feig vi\u00f0 marka\u00f0ss\u00f3kn og efla s\u00f6luna.\" \/>\n<meta name=\"robots\" content=\"index, follow, max-snippet:-1, max-image-preview:large, max-video-preview:-1\" \/>\n<link rel=\"canonical\" href=\"https:\/\/acticanew.webdev.is\/index.php\/hafdu-samband\/\" \/>\n<meta property=\"og:locale\" content=\"en_US\" \/>\n<meta property=\"og:type\" content=\"article\" \/>\n<meta property=\"og:title\" content=\"Haf\u00f0u samband vi\u00f0 Actica marka\u00f0sfyrirt\u00e6ki\" \/>\n<meta property=\"og:description\" content=\"Haf\u00f0u samband vi\u00f0 okkur og vi\u00f0 a\u00f0sto\u00f0um \u00feig vi\u00f0 marka\u00f0ss\u00f3kn og efla s\u00f6luna.\" \/>\n<meta property=\"og:url\" content=\"https:\/\/acticanew.webdev.is\/index.php\/hafdu-samband\/\" \/>\n<meta property=\"og:site_name\" content=\"Actica marka\u00f0sr\u00e1\u00f0gj\u00f6f og s\u00f6lustj\u00f3rnun\" \/>\n<meta property=\"article:modified_time\" content=\"2022-10-28T14:46:03+00:00\" \/>\n<meta property=\"og:image\" content=\"https:\/\/acticanew.webdev.is\/wp-content\/uploads\/2021\/07\/Contact-Image.png\" \/>\n<meta name=\"twitter:card\" content=\"summary_large_image\" \/>\n<meta name=\"twitter:label1\" content=\"Est. reading time\" \/>\n\t<meta name=\"twitter:data1\" content=\"1 minute\" \/>\n<script type=\"application\/ld+json\" class=\"yoast-schema-graph\">{\"@context\":\"https:\/\/schema.org\",\"@graph\":[{\"@type\":\"WebPage\",\"@id\":\"https:\/\/acticanew.webdev.is\/index.php\/hafdu-samband\/\",\"url\":\"https:\/\/acticanew.webdev.is\/index.php\/hafdu-samband\/\",\"name\":\"Haf\u00f0u samband vi\u00f0 Actica marka\u00f0sfyrirt\u00e6ki\",\"isPartOf\":{\"@id\":\"https:\/\/acticanew.webdev.is\/#website\"},\"datePublished\":\"2021-06-20T07:13:56+00:00\",\"dateModified\":\"2022-10-28T14:46:03+00:00\",\"description\":\"Haf\u00f0u samband vi\u00f0 okkur og vi\u00f0 a\u00f0sto\u00f0um \u00feig vi\u00f0 marka\u00f0ss\u00f3kn og efla s\u00f6luna.\",\"breadcrumb\":{\"@id\":\"https:\/\/acticanew.webdev.is\/index.php\/hafdu-samband\/#breadcrumb\"},\"inLanguage\":\"en-US\",\"potentialAction\":[{\"@type\":\"ReadAction\",\"target\":[\"https:\/\/acticanew.webdev.is\/index.php\/hafdu-samband\/\"]}]},{\"@type\":\"BreadcrumbList\",\"@id\":\"https:\/\/acticanew.webdev.is\/index.php\/hafdu-samband\/#breadcrumb\",\"itemListElement\":[{\"@type\":\"ListItem\",\"position\":1,\"name\":\"Home\",\"item\":\"https:\/\/acticanew.webdev.is\/\"},{\"@type\":\"ListItem\",\"position\":2,\"name\":\"haf\u00f0u samband\"}]},{\"@type\":\"WebSite\",\"@id\":\"https:\/\/acticanew.webdev.is\/#website\",\"url\":\"https:\/\/acticanew.webdev.is\/\",\"name\":\"Actica marka\u00f0sr\u00e1\u00f0gj\u00f6f og s\u00f6lustj\u00f3rnun\",\"description\":\"Allir eru a\u00f0 leita en margir eru ekki a\u00f0 finnast\",\"publisher\":{\"@id\":\"https:\/\/acticanew.webdev.is\/#organization\"},\"potentialAction\":[{\"@type\":\"SearchAction\",\"target\":{\"@type\":\"EntryPoint\",\"urlTemplate\":\"https:\/\/acticanew.webdev.is\/?s={search_term_string}\"},\"query-input\":\"required name=search_term_string\"}],\"inLanguage\":\"en-US\"},{\"@type\":\"Organization\",\"@id\":\"https:\/\/acticanew.webdev.is\/#organization\",\"name\":\"Actica marka\u00f0sr\u00e1\u00f0gj\u00f6f og s\u00f6lustj\u00f3rnun\",\"url\":\"https:\/\/acticanew.webdev.is\/\",\"sameAs\":[],\"logo\":{\"@type\":\"ImageObject\",\"inLanguage\":\"en-US\",\"@id\":\"https:\/\/acticanew.webdev.is\/#\/schema\/logo\/image\/\",\"url\":\"https:\/\/acticanew.webdev.is\/wp-content\/uploads\/2022\/10\/cropped-cropped-cropped-actica-512x512-1-e1666393667622-1.png\",\"contentUrl\":\"https:\/\/acticanew.webdev.is\/wp-content\/uploads\/2022\/10\/cropped-cropped-cropped-actica-512x512-1-e1666393667622-1.png\",\"width\":154,\"height\":154,\"caption\":\"Actica marka\u00f0sr\u00e1\u00f0gj\u00f6f og s\u00f6lustj\u00f3rnun\"},\"image\":{\"@id\":\"https:\/\/acticanew.webdev.is\/#\/schema\/logo\/image\/\"}}]}<\/script>\n<!-- \/ Yoast SEO plugin. -->","yoast_head_json":{"title":"Haf\u00f0u samband vi\u00f0 Actica marka\u00f0sfyrirt\u00e6ki","description":"Haf\u00f0u samband vi\u00f0 okkur og vi\u00f0 a\u00f0sto\u00f0um \u00feig vi\u00f0 marka\u00f0ss\u00f3kn og efla s\u00f6luna.","robots":{"index":"index","follow":"follow","max-snippet":"max-snippet:-1","max-image-preview":"max-image-preview:large","max-video-preview":"max-video-preview:-1"},"canonical":"https:\/\/acticanew.webdev.is\/index.php\/hafdu-samband\/","og_locale":"en_US","og_type":"article","og_title":"Haf\u00f0u samband vi\u00f0 Actica marka\u00f0sfyrirt\u00e6ki","og_description":"Haf\u00f0u samband vi\u00f0 okkur og vi\u00f0 a\u00f0sto\u00f0um \u00feig vi\u00f0 marka\u00f0ss\u00f3kn og efla s\u00f6luna.","og_url":"https:\/\/acticanew.webdev.is\/index.php\/hafdu-samband\/","og_site_name":"Actica marka\u00f0sr\u00e1\u00f0gj\u00f6f og s\u00f6lustj\u00f3rnun","article_modified_time":"2022-10-28T14:46:03+00:00","og_image":[{"url":"https:\/\/acticanew.webdev.is\/wp-content\/uploads\/2021\/07\/Contact-Image.png"}],"twitter_card":"summary_large_image","twitter_misc":{"Est. reading time":"1 minute"},"schema":{"@context":"https:\/\/schema.org","@graph":[{"@type":"WebPage","@id":"https:\/\/acticanew.webdev.is\/index.php\/hafdu-samband\/","url":"https:\/\/acticanew.webdev.is\/index.php\/hafdu-samband\/","name":"Haf\u00f0u samband vi\u00f0 Actica marka\u00f0sfyrirt\u00e6ki","isPartOf":{"@id":"https:\/\/acticanew.webdev.is\/#website"},"datePublished":"2021-06-20T07:13:56+00:00","dateModified":"2022-10-28T14:46:03+00:00","description":"Haf\u00f0u samband vi\u00f0 okkur og vi\u00f0 a\u00f0sto\u00f0um \u00feig vi\u00f0 marka\u00f0ss\u00f3kn og efla s\u00f6luna.","breadcrumb":{"@id":"https:\/\/acticanew.webdev.is\/index.php\/hafdu-samband\/#breadcrumb"},"inLanguage":"en-US","potentialAction":[{"@type":"ReadAction","target":["https:\/\/acticanew.webdev.is\/index.php\/hafdu-samband\/"]}]},{"@type":"BreadcrumbList","@id":"https:\/\/acticanew.webdev.is\/index.php\/hafdu-samband\/#breadcrumb","itemListElement":[{"@type":"ListItem","position":1,"name":"Home","item":"https:\/\/acticanew.webdev.is\/"},{"@type":"ListItem","position":2,"name":"haf\u00f0u samband"}]},{"@type":"WebSite","@id":"https:\/\/acticanew.webdev.is\/#website","url":"https:\/\/acticanew.webdev.is\/","name":"Actica marka\u00f0sr\u00e1\u00f0gj\u00f6f og s\u00f6lustj\u00f3rnun","description":"Allir eru a\u00f0 leita en margir eru ekki a\u00f0 finnast","publisher":{"@id":"https:\/\/acticanew.webdev.is\/#organization"},"potentialAction":[{"@type":"SearchAction","target":{"@type":"EntryPoint","urlTemplate":"https:\/\/acticanew.webdev.is\/?s={search_term_string}"},"query-input":"required name=search_term_string"}],"inLanguage":"en-US"},{"@type":"Organization","@id":"https:\/\/acticanew.webdev.is\/#organization","name":"Actica marka\u00f0sr\u00e1\u00f0gj\u00f6f og s\u00f6lustj\u00f3rnun","url":"https:\/\/acticanew.webdev.is\/","sameAs":[],"logo":{"@type":"ImageObject","inLanguage":"en-US","@id":"https:\/\/acticanew.webdev.is\/#\/schema\/logo\/image\/","url":"https:\/\/acticanew.webdev.is\/wp-content\/uploads\/2022\/10\/cropped-cropped-cropped-actica-512x512-1-e1666393667622-1.png","contentUrl":"https:\/\/acticanew.webdev.is\/wp-content\/uploads\/2022\/10\/cropped-cropped-cropped-actica-512x512-1-e1666393667622-1.png","width":154,"height":154,"caption":"Actica marka\u00f0sr\u00e1\u00f0gj\u00f6f og s\u00f6lustj\u00f3rnun"},"image":{"@id":"https:\/\/acticanew.webdev.is\/#\/schema\/logo\/image\/"}}]}},"_links":{"self":[{"href":"https:\/\/acticanew.webdev.is\/index.php\/wp-json\/wp\/v2\/pages\/102","targetHints":{"allow":["GET"]}}],"collection":[{"href":"https:\/\/acticanew.webdev.is\/index.php\/wp-json\/wp\/v2\/pages"}],"about":[{"href":"https:\/\/acticanew.webdev.is\/index.php\/wp-json\/wp\/v2\/types\/page"}],"author":[{"embeddable":true,"href":"https:\/\/acticanew.webdev.is\/index.php\/wp-json\/wp\/v2\/users\/3"}],"replies":[{"embeddable":true,"href":"https:\/\/acticanew.webdev.is\/index.php\/wp-json\/wp\/v2\/comments?post=102"}],"version-history":[{"count":9,"href":"https:\/\/acticanew.webdev.is\/index.php\/wp-json\/wp\/v2\/pages\/102\/revisions"}],"predecessor-version":[{"id":371,"href":"https:\/\/acticanew.webdev.is\/index.php\/wp-json\/wp\/v2\/pages\/102\/revisions\/371"}],"wp:attachment":[{"href":"https:\/\/acticanew.webdev.is\/index.php\/wp-json\/wp\/v2\/media?parent=102"}],"curies":[{"name":"wp","href":"https:\/\/api.w.org\/{rel}","templated":true}]}}